e prime factors of -1*2*(s - 2).
2, 5
Suppose -2*b = -3*b - 41. Let m = b + 25. List the prime factors of (-1 + 4)*m/(-6).
2
Suppose 2*s - s = -18. Let b = 8 - s. List the prime factors of b/4 + 1/2.
7
Let k = -14 + 12. What are the prime factors of k/(-10) + 711/45?
2
Let u = -2 + 27. Suppose 5*r = 5*k - u, -k - r = 1 - 2. List the prime factors of (k/2)/(15/80).
2
List the prime factors of (-5)/(-10) + 262/4.
2, 3, 11
Let k be (2/(-4))/(2/(-8)). Suppose 0*r - k*r = -m + 16, 2*r - 4*m = -22. Let h = r + 17. List the prime factors of h.
2, 5
Let l = -26 + 42. What are the prime factors of l?
2
Let k be (-17)/4 + (-2)/(-8). Let c be 23/k + 2/(-8). Let f = c - -21. What are the prime factors of f?
3, 5
Let m(h) = h**2 - 9*h + 8. Let r be m(8). Let k(c) = -3*c**2 + r*c**3 + c**2 - 3*c - 12 - 6*c**2 - c**3. What are the prime factors of k(-8)?
2, 3
Let c = 69 + -73. Let k(r) = 8*r + 11. Let x(o) = 4*o + 5. Let m(v) = 2*k(v) - 5*x(v). What are the prime factors of m(c)?
13
Suppose 3*q = -25 + 250. List the prime factors of q.
3, 5
Let h be (48/10 - 0)*5. Let b = -9 + h. What are the prime factors of b?
3, 5
Let a be 115/9 + (-2)/(-9). Let q be -6*6/(-8)*-2. Let h = a + q. List the prime factors of h.
2
Suppose -3 + 19 = 2*h. Let w = h - 4. List the prime factors of w.
2
Suppose -i + 3*m + 1 = 0, -2*i + 3 = -3*m + 1. Let a be -4 + (2 + 1 - i). Let o = a - -8. List the prime factors of o.
2, 3
Suppose -35 = -3*p + 136. List the prime factors of p.
3, 19
Let l(q) = q**3 + 9*q**2 - 9*q + 12. What are the prime factors of l(-10)?
2
Suppose 0 = -h - 2*h + x + 5, 0 = h + x + 1. Suppose -2 - h = -q. Suppose -56 = q*u - 7*u. List the prime factors of u.
2, 7
Let l = -4 + 4. Suppose -2*i + 6*i + 8 = l. List the prime factors of 0/((-2)/i) - -7.
7
Let i(s) = s + 3. Suppose 4*f + 14 = -2*t, -f = 3*f - 2*t + 34. Let h be -2*(-3 - 9/f). List the prime factors of i(h).
2, 3
Let p = 2 + 2. Let s be 4/p + 1/1. Suppose s*y - y - 7 = 0. List the prime factors of y.
7
Suppose -7*k + 8*k + 2*f = 144, 4*f = 3*k - 402. List the prime factors of k.
2, 3, 23
Suppose 668 = 5*m + 38. Let v = m + -53. Suppose 5*d - v = -4*s, 18 = 2*d - 0*d - 4*s. List the prime factors of d.
13
Let j = 149 + -101. What are the prime factors of j?
2, 3
What are the prime factors of (268 - -12)*(-12)/(-14)?
2, 3, 5
Let d = 294 + -173. Let j = -73 + d. List the prime factors of j.
2, 3
Let y(m) = 2*m**2 - m - 1. Let s = -12 + 26. Suppose -3*l = 4*z + s, 0*l = 4*l + 8. What are the prime factors of y(z)?
3
Suppose -3*q - 153 = 4*x - 9*x, 4*q = -5*x + 181. List the prime factors of x.
3, 11
Let u(d) = 1 + 10*d + 2 - 6 - d**2 - 2. What are the prime factors of u(7)?
2
Let b(t) = -t**3 - 5*t**2 + 8*t + 3. Let x be b(-6). Let a = 53 + -38. Let i = x + a. List the prime factors of i.
2, 3
Let y(w) = -w - 1. Let v be y(-2). Let x = v + 9. What are the prime factors of 0 + x - (4 + -1)?
7
Suppose -4*f + 728 = 4*z, 3*z - z + 551 = 3*f. List the prime factors of (-13)/(-52) + f/4.
2, 23
Suppose 2*n - 20 = -2*n. Suppose w = -0*w + n. List the prime factors of w.
5
Let n(o) = -o**2 - 24*o - 10. What are the prime factors of n(-19)?
5, 17
Suppose -2*s + 3 = s. Let n be (-10)/((1/(-2))/s). Suppose 0 = -4*k - 0*k + n. List the prime factors of k.
5
Suppose 3*v + 2 = 5*v. Let o = 10 + v. List the prime factors of o.
11
Let v = 0 + -4. Let m(k) = k**2 + 3*k - 4. Let y be m(v). Suppose y = -2*j - 2*j + 12. List the prime factors of j.
3
What are the prime factors of (3 + 3)*2 - 0?
2, 3
Suppose 4*o - 413 + 57 = 0. List the prime factors of o.
89
Let g = 183 - 54. What are the prime factors of g?
3, 43
Suppose -y = -5*m + 2*y + 17, 3*m + 5*y = -17. Let q = m + 15. What are the prime factors of q?
2
Suppose 0 = -2*y - 15 + 3. Let k = 0 - y. Let z(n) = n. List the prime factors of z(k).
2, 3
Let j(b) = 2*b - 6. Let w be j(-3). Let p = 1 - 4. Let v = p - w. What are the prime factors of v?
3
Let h = 239 - 140. List the prime factors of h.
3, 11
Let c(f) = f**3 + 7*f**2 - f - 5. Let n be c(-7). Suppose 5*t = 10, 3*t = -6*z + 4*z + n. Let s(v) = 3*v**2 + v - 1. List the prime factors of s(z).
3
Suppose -a = 2*a + j, 5*j = -5*a - 10. What are the prime factors of (-1 - (-4)/a) + -1?
2
Let y = 105 - 185. List the prime factors of (-4)/6 + y/(-12).
2, 3
Suppose 4*q - 28 = -0*q. What are the prime factors of q?
7
Let k(m) = -3*m + 9. What are the prime factors of k(-5)?
2, 3
Suppose -3*n + 332 = -w, 3*n = -2*n - 2*w + 568. What are the prime factors of n?
2, 7
Suppose 0 = -2*j + 1 + 13. Let b(a) = 2*a - 9. Let r be b(j). Suppose w - r = -2. List the prime factors of w.
3
Let v = -40 - -51. List the prime factors of v.
11
Let n be -1*(-5 - (-3 - -1)). Let g be 11 - n - (0 + 0). Suppose -3*j + 7*j = g. List the prime factors of j.
2
Let q be 3 + -1 - (-1 - 0). What are the prime factors of 1/(-3) - (-16)/q?
5
Let q be (-2)/5 - (-72)/5. Suppose 4*p + q = 5*n - 10, 0 = 4*n. What are the prime factors of -21*(-1)/((-9)/p)?
2, 7
Let w = 56 - 34. What are the prime factors of w?
2, 11
Let x(t) be the second derivative of t**5/20 - t**4/3 + 2*t**3/3 - t**2/2 + t. Suppose 5*l = 2 + 13. What are the prime factors of x(l)?
2
Suppose -3*y - 41 = -2*y. Let m = y + 81. List the prime factors of m.
2, 5
Suppose 0 = 4*o - 8 - 200. Suppose 3*v = o + 47. List the prime factors of v.
3, 11
Suppose 0 = 5*s + 3*c + 2 - 16, -c + 3 = 0. Suppose 22 = -0*j - 4*j + 2*p, -j = p + s. Let l = j - -21. List the prime factors of l.
17
Let y(x) = 4*x + 20. List the prime factors of y(9).
2, 7
Let v(p) be the third derivative of p**4/6 - 2*p**3/3 + 5*p**2. What are the prime factors of v(2)?
2
Let a = 37 + -23. List the prime factors of a.
2, 7
Suppose -3*k + 111 = 3*z, 3*k + z - 170 + 55 = 0. What are the prime factors of k?
3, 13
List the prime factors of 4 + 0 + -3 + 5.
2, 3
Let o(w) = 2*w + 11. Let u be o(-10). Let k = -9 - u. Suppose k = 5*m - 18 - 52. What are the prime factors of m?
2, 7
Let i = 31 - 17. Let j(q) = -4*q + q**2 - 4*q**2 + i*q + 2*q**2 - 9. List the prime factors of j(7).
2, 3
Let i(n) = 10*n**2 + 3*n - 3. What are the prime factors of i(-3)?
2, 3, 13
Let d = -3 - -6. Let a = -3 + d. Suppose a = -0*c + 4*c - 4*k - 44, -k = -5*c + 51. What are the prime factors of c?
2, 5
Suppose 6*i - i - 810 = 0. List the prime factors of i.
2, 3
Let u = 4 - 0. Let t = 8 - u. List the prime factors of t.
2
Suppose -5*k + 11*k = 1626. List the prime factors of k.
271
Suppose -54 = -5*q - 14. Suppose 2*x + i = 17, 4*x - i - 2*i = 9. Let n = q - x. List the prime factors of n.
2
Suppose -5*z + 5*r - 12 = 3, -4*z - 4*r = -4. What are the prime factors of 31 + (-4)/(3 + z)?
29
Let i = 6 - 6. Suppose 5*g - 85 = -5*j, 5*j - 2*g + 3*g - 65 = i. What are the prime factors of j?
2, 3
Let t(u) = -12*u - 3. What are the prime factors of t(-20)?
3, 79
Let h = -23 + 39. Suppose 25 = 5*a + 5*r, a - h - 4 = -4*r. Suppose v - 3 = -a*v. List the prime factors of v.
3
Let o be 3 + (-8)/4 - 2. Let i = 3 - o. List the prime factors of i.
2
List the prime factors of ((-584)/3)/(3 - 44/12).
2, 73
Let u(f) = f + 10. Let b be u(-5). Suppose -b*i + 1 + 39 = 0. What are the prime factors of (6/i)/(1/4)?
3
Let v(s) = s**3 - 3*s**2 + 4. Let k be v(3). Suppose y = -k*y + 65. What are the prime factors of y?
13
Suppose z = -2*u + 2*z + 49, 5*u - 4*z - 115 = 0. Suppose -u = -3*a - 3*p, 0*p = 4*a - p - 16. What are the prime factors of a?
5
Let p be (-16)/(-3) + 1/(-3). Suppose -6 = -3*d + 3*v, 4*d - p*v - 6 = -0. Suppose 0 = -2*s + 5*n - 5 + 10, -42 = -3*s - d*n. List the prime factors of s.
2, 5
Let p(l) = l + 5. Let u be p(-3). Suppose -u*z = -3*q + 141, -37 = -q + 4*z + 20. What are the prime factors of q?
3, 5
List the prime factors of 36*2*(-3 + 4).
2, 3
Let s = 28 - 4. Suppose 3*i - 2*m = 7, 4*i - s = -0*m - m. What are the prime factors of i?
5
Let u(i) = i + 6. Let a be u(-3). Let d(n) = n**3 - 5*n**2 + 5*n - 3. Let c be d(a). Let f(m) = -3*m - 6. What are the prime factors of f(c)?
2, 3
Suppose 109 = -3*q - 116. Let s = -49 - q. Let y = s + -5. What are the prime factors of y?
3, 7
Let j = 244 - 172. Let n = j - 46. List the prime factors of n.
2, 13
Let f(k) = k + 8. Let m be f(-9). Let v = m - -5. List the prime factors of v.
2
Suppose 0*o = -3*n + 2*o + 71, 34 = 2*